{"id":2655,"date":"2015-12-29T15:21:48","date_gmt":"2015-12-29T14:21:48","guid":{"rendered":"http:\/\/www.kubala.tv\/projekty\/msz\/wordpress\/?page_id=2655"},"modified":"2015-12-29T15:21:48","modified_gmt":"2015-12-29T14:21:48","slug":"patron","status":"publish","type":"page","link":"https:\/\/msz.k-k.pl\/medyk\/patron\/","title":{"rendered":"Patron"},"content":{"rendered":"<p>[vc_row][vc_column][vc_column_text]Dnia 11 czerwca 1988r. wsp\u00f3ln\u0105 wol\u0105 nauczycieli, uczni\u00f3w i rodzic\u00f3w, z nadania w\u0142adz o\u015bwiatowych, Medyczne Studium Zawodowe w K\u0119dzierzynie-Ko\u017alu otrzyma\u0142o imi\u0119 zas\u0142u\u017conej polskiej piel\u0119gniarki Marii Minczewskiej.<\/p>\n<p>Nasza patronka nale\u017ca\u0142a do wybitnych os\u00f3b. Za swoje oddanie w s\u0142u\u017cbie cz\u0142owiekowi, dzia\u0142alno\u015b\u0107 wojskow\u0105, naukow\u0105 i pedagogiczn\u0105 zosta\u0142a odznaczona:<\/p>\n<ul>\n<li>odznak\u0105 za wzorow\u0105 prac\u0119 w S\u0142u\u017cbie Zdrowia (1951)<\/li>\n<li>srebrn\u0105 odznak\u0105 Zwi\u0105zk\u00f3w Zawodowych S\u0142u\u017cby Zdrowia (1965)<\/li>\n<li>br\u0105zowym medalem &#8222;Si\u0142y zbrojne w s\u0142u\u017cbie Ojczyzny&#8221; (1969)<\/li>\n<li>Krzy\u017cem Kawalerskim Odrodzenia Polski (1977)<\/li>\n<li>nagrod\u0105 I-go stopnia Ministerstwa O\u015bwiaty i Wychowania (1977)<\/li>\n<li>medalem Komisji Edukacji Narodowej (1978)<\/li>\n<\/ul>\n<p>Maria Minczewska urodzi\u0142a si\u0119 23 czerwca 1922r. w Zamo\u015bciu. Tam ucz\u0119szcza\u0142a do szko\u0142y <img loading=\"lazy\" decoding=\"async\" class=\"wp-image-2656 size-full alignright\" src=\"http:\/\/www.kubala.tv\/projekty\/msz\/wordpress\/wp-content\/uploads\/2015\/12\/patron1.jpg\" alt=\"patron1\" width=\"159\" height=\"199\" \/>podstawowej i Liceum Og\u00f3lnokszta\u0142c\u0105cego im. Adama Mickiewicza, kt\u00f3re uko\u0144czy\u0142a w maju 1939r.<br \/>\nPo wybuchu II wojny \u015bwiatowej przez kilka miesi\u0119cy pracowa\u0142a jako ochotniczka &#8211; sanitariuszka w ewakuacyjnym szpitalu wojskowym, kt\u00f3ry mie\u015bci\u0142 si\u0119 w gmachu Liceum im. A. Mickiewicza w Zamo\u015bciu. Pierwszego wrze\u015bnia 1940r. wst\u0105pi\u0142a do Warszawskiej Szko\u0142y Piel\u0119gniarek, kt\u00f3r\u0105 uko\u0144czy\u0142a w 1942r., zdaj\u0105c pa\u0144stwowy egzamin dyplomowy. W trakcie nauki w szkole piel\u0119gniarek aktywnie pracowa\u0142a w konspiracji. Po uko\u0144czeniu szko\u0142y pracowa\u0142a w Warszawie w Klinice Dzieci\u0119cej profesora Micha\u0142owina. W latach 1943-1945 powr\u00f3ci\u0142a do Zamo\u015bcia, gdzie piel\u0119gnowa\u0142a chorych w szpitalu powiatowym. Pomaga\u0142a te\u017c w ucieczce rannym partyzantom z las\u00f3w zamojskich.<\/p>\n<p>Po wyzwoleniu ochotniczo podj\u0119\u0142a s\u0142u\u017cb\u0119 w 68. Wojskowym Polowym Szpitalu. W latach 1945-46 by\u0142a piel\u0119gniark\u0105 w Pa\u0144stwowym Urz\u0119dzie Repatriacyjnym w Krakowie. W okresie 1946-47 pracowa\u0142a w Nowym Targu jako piel\u0119gniarka higieny szkolnej w inspektoracie szkolnym. W latach 1947-49 ponownie powr\u00f3ci\u0142a do Zamo\u015bcia, gdzie pe\u0142ni\u0142a funkcj\u0119 instruktorki piel\u0119gniarek w Powiatowym O\u015brodku Zdrowia. Od 1949 do 1954 przebywa\u0142a w \u0141odzi pracuj\u0105c na stanowisku inspektora i wizytatora szk\u00f3\u0142 medycznych w Wojew\u00f3dzkim Wydziale Zdrowia. W okresie 1954-56 zosta\u0142a kierowniczk\u0105 szkolenia zawodowego w szkole piel\u0119gniarstwa w Bia\u0142ymstoku. Od 1956 do 1962 by\u0142a kierownikiem szkolenia zawodowego i wyk\u0142adowc\u0105 w Studium Nauczycielskim Szk\u00f3\u0142 Medycznych w Warszawie. W tym okresie sko\u0144czy\u0142a studia zaoczne na Wydziale Pedagogiki Uniwersytetu Warszawskiego, uzyskuj\u0105c tytu\u0142 magistra pedagogiki. W latach 1962-64 pracowa\u0142a na stanowisku dyrektora w Studium Nauczycielskim w Warszawie. W 1964r. piastowa\u0142a urz\u0105d inspektora do spraw piel\u0119gniarstwa w Szefostwie S\u0142u\u017cby Zdrowia w Ministerstwie Obrony Narodowej. Pracowa\u0142a tam do maja 1972r., sk\u0105d przesz\u0142a na emerytur\u0119 wojskow\u0105.<\/p>\n<p>Po odej\u015bciu ze s\u0142u\u017cby wojskowej do ko\u0144ca 1972r Maria Minczewska nadal pracowa\u0142a w O\u015brodku Metodycznym przy Studium Nauczycielskim \u015arednich Szk\u00f3\u0142 Medycznych w Warszawie. Po jego reorganizacji w styczniu 1973r. zosta\u0142a dyrektorem Centrum Doskonalenia Nauczycieli i \u015arednich Kadr Medycznych w Warszawie. W 1977r. przesz\u0142a na emerytur\u0119. Nadal by\u0142a bardzo czynna w Dzielnicowej Radzie Narodowej w Warszawie-Ochota. Zmar\u0142a nagle 17 czerwca 1980r. w Warszawie.<\/p>\n<p>Jako oficer i p<img loading=\"lazy\" decoding=\"async\" class=\"size-medium wp-image-2657 alignleft\" src=\"http:\/\/www.kubala.tv\/projekty\/msz\/wordpress\/wp-content\/uploads\/2015\/12\/patron2-300x300.jpg\" alt=\"patron2\" width=\"300\" height=\"300\" \/>iel\u0119gniarka zajmowa\u0142a si\u0119 nie tylko sprawami piel\u0119gniarek. By\u0142a r\u00f3wnie\u017c sekretarzem Rady Naukowej Szefostwa S\u0142u\u017cby Zdrowia Ministerstwa Obrony Narodowej. Przygotowywa\u0142a i uczestniczy\u0142a tak\u017ce w kilku konferencjach mi\u0119dzynarodowych. W tym czasie wydawa\u0142a r\u00f3wnie\u017c Biuletyn Informacyjno &#8211; Szkoleniowy dla piel\u0119gniarek wojskowej s\u0142u\u017cby zdrowia. Stworzy\u0142a specjalistyczne programy nauczania na kursach dla piel\u0119gniarek ze s<br \/>\nzpitali i plac\u00f3wek wojskowych, kt\u00f3re sama organizowa\u0142a i prowadzi\u0142a. By\u0142a r\u00f3wnie\u017c autork\u0105 podr\u0119cznik\u00f3w dla piel\u0119gniarek wojskowych. Wsp\u00f3\u0142tworzy\u0142a &#8222;Podr\u0119cznik dla piel\u0119gniarek wojskowych&#8221;, gdzie opracowa\u0142a rozdzia\u0142y dotycz\u0105ce pocz\u0105tk\u00f3w piel\u0119gniarstwa i zasad piel\u0119gnowania. Podr\u0119cznik ten ukaza\u0142 si\u0119 w 1967r. w wydawnictwie MON. Za prac\u0119 t\u0119 uzyska\u0142a nagrod\u0119 Ministerstwa Obrony Narodowej. By\u0142a r\u00f3wnie\u017c wsp\u00f3\u0142autork\u0105 7-j\u0119zycznego s\u0142ownika medycznego opracowanego dla potrzeb wojskowej s\u0142u\u017cby zdrowia MON.<\/p>\n<p>Dla nas &#8211;\u00a0pracownik\u00f3w i s\u0142uchaczy Medycznego Studium Zawodowego Maria Minczewska jest wzorem postawy \u017cyciowej godnej na\u015bladowania. Warto\u015bci, kt\u00f3rym ho\u0142dowa\u0142a, tj. wyrozumia\u0142o\u015b\u0107, tolerancja, wzajemny szacunek, prawo\u015b\u0107 i uczciwo\u015b\u0107, wra\u017cliwo\u015b\u0107 na potrzeby innych, mimo up\u0142ywu lat nie zdewaluowa\u0142y si\u0119. Celem nauczycieli naszej szko\u0142y jest, aby nasi absolwenci, motywowani przyk\u0142adem naszej patronki, budowali swoj\u0105 przysz\u0142o\u015b\u0107 na solidnym fundamencie elementarnych warto\u015bci moralnych, duchowych i spo\u0142ecznych.[\/vc_column_text][\/vc_column][\/vc_row]<\/p>\n","protected":false},"excerpt":{"rendered":"<p>[vc_row][vc_column][vc_column_text]Dnia 11 czerwca 1988r. wsp\u00f3ln\u0105 wol\u0105 nauczycieli, uczni\u00f3w i rodzic\u00f3w, z nadania w\u0142adz o\u015bwiatowych, Medyczne Studium Zawodowe w K\u0119dzierzynie-Ko\u017alu otrzyma\u0142o imi\u0119 zas\u0142u\u017conej polskiej piel\u0119gniarki Marii Minczewskiej. Nasza patronka nale\u017ca\u0142a do wybitnych os\u00f3b. Za swoje oddanie w s\u0142u\u017cbie cz\u0142owiekowi, dzia\u0142alno\u015b\u0107 wojskow\u0105, naukow\u0105 i pedagogiczn\u0105 zosta\u0142a odznaczona: odznak\u0105 za wzorow\u0105 prac\u0119 w S\u0142u\u017cbie Zdrowia (1951) srebrn\u0105 odznak\u0105 [&hellip;]<\/p>\n","protected":false},"author":1,"featured_media":0,"parent":0,"menu_order":0,"comment_status":"closed","ping_status":"closed","template":"","meta":{"_acf_changed":false,"footnotes":""},"class_list":["post-2655","page","type-page","status-publish","hentry"],"acf":[],"_links":{"self":[{"href":"https:\/\/msz.k-k.pl\/medyk\/wp-json\/wp\/v2\/pages\/2655","targetHints":{"allow":["GET"]}}],"collection":[{"href":"https:\/\/msz.k-k.pl\/medyk\/wp-json\/wp\/v2\/pages"}],"about":[{"href":"https:\/\/msz.k-k.pl\/medyk\/wp-json\/wp\/v2\/types\/page"}],"author":[{"embeddable":true,"href":"https:\/\/msz.k-k.pl\/medyk\/wp-json\/wp\/v2\/users\/1"}],"replies":[{"embeddable":true,"href":"https:\/\/msz.k-k.pl\/medyk\/wp-json\/wp\/v2\/comments?post=2655"}],"version-history":[{"count":0,"href":"https:\/\/msz.k-k.pl\/medyk\/wp-json\/wp\/v2\/pages\/2655\/revisions"}],"wp:attachment":[{"href":"https:\/\/msz.k-k.pl\/medyk\/wp-json\/wp\/v2\/media?parent=2655"}],"curies":[{"name":"wp","href":"https:\/\/api.w.org\/{rel}","templated":true}]}}