{"id":2618,"date":"2015-12-29T13:30:57","date_gmt":"2015-12-29T12:30:57","guid":{"rendered":"http:\/\/www.kubala.tv\/projekty\/msz\/wordpress\/?page_id=2618"},"modified":"2024-04-25T13:30:25","modified_gmt":"2024-04-25T11:30:25","slug":"egzamin-zawodowy","status":"publish","type":"page","link":"https:\/\/msz.k-k.pl\/medyk\/egzamin-zawodowy\/","title":{"rendered":"Egzamin Zawodowy"},"content":{"rendered":"<p>Materia\u0142y dotycz\u0105ce egzaminu potwierdzaj\u0105cego kwalifikacje w zawodzie s\u0105 dost\u0119pne na stronie:<a style=\"color: #f4524d;\" href=\"https:\/\/www.testy.egzaminzawodowy.info\">https:\/\/www.testy.egzaminzawodowy.info<\/a>\u00a0W Serwisie dost\u0119pne s\u0105 testy pisemne, arkusze praktyczne, oraz przyk\u0142adowe rozwi\u0105zania z egzamin\u00f3w potwierdzaj\u0105cych kwalifikacje w zawodzie opracowane przez Centraln\u0105 Komisj\u0119 Egzaminacyjn\u0105.<\/p>\n<p>Dost\u0119p do materia\u0142\u00f3w jest\u00a0<strong>BEZP\u0141ATNY.<\/strong><br \/>\nTesty mo\u017cna rozwi\u0105zywa\u0107 bezpo\u015brednio na stronie (online) lub pobiera\u0107 na sw\u00f3j komputer (np. do wydruku).<\/p>\n<p>Mo\u017cliwe jest tak\u017ce generowanie losowych zestaw\u00f3w pyta\u0144.<br \/>\nS\u0142uchacze mog\u0105 udost\u0119pnia\u0107 wyniki swoich test\u00f3w nauczycielom, dzi\u0119ki czemu mo\u017cliwa jest\u00a0<strong>praca zdalna<\/strong>.<br \/>\nKorzystanie z wi\u0119kszo\u015bci funkcji jest\u00a0<strong>ca\u0142kowicie bezp\u0142atne<\/strong>\u00a0lub mo\u017ce wymaga\u0107 bezp\u0142atnej rejestracji.<\/p>\n<p>Dost\u0119pne s\u0105 tak\u017ce dodatkowe funkcje premium, ale nie s\u0105 one w \u017caden spos\u00f3b wymagane do korzystania z Serwisu.<\/p>\n","protected":false},"excerpt":{"rendered":"<p>Materia\u0142y dotycz\u0105ce egzaminu potwierdzaj\u0105cego kwalifikacje w zawodzie s\u0105 dost\u0119pne na stronie:https:\/\/www.testy.egzaminzawodowy.info\u00a0W Serwisie dost\u0119pne s\u0105 testy pisemne, arkusze praktyczne, oraz przyk\u0142adowe rozwi\u0105zania z egzamin\u00f3w potwierdzaj\u0105cych kwalifikacje w zawodzie opracowane przez Centraln\u0105 Komisj\u0119 Egzaminacyjn\u0105. Dost\u0119p do materia\u0142\u00f3w jest\u00a0BEZP\u0141ATNY. Testy mo\u017cna rozwi\u0105zywa\u0107 bezpo\u015brednio na stronie (online) lub pobiera\u0107 na sw\u00f3j komputer (np. do wydruku). Mo\u017cliwe jest tak\u017ce generowanie [&hellip;]<\/p>\n","protected":false},"author":1,"featured_media":0,"parent":0,"menu_order":0,"comment_status":"closed","ping_status":"closed","template":"","meta":{"_acf_changed":false,"footnotes":""},"class_list":["post-2618","page","type-page","status-publish","hentry"],"acf":[],"_links":{"self":[{"href":"https:\/\/msz.k-k.pl\/medyk\/wp-json\/wp\/v2\/pages\/2618","targetHints":{"allow":["GET"]}}],"collection":[{"href":"https:\/\/msz.k-k.pl\/medyk\/wp-json\/wp\/v2\/pages"}],"about":[{"href":"https:\/\/msz.k-k.pl\/medyk\/wp-json\/wp\/v2\/types\/page"}],"author":[{"embeddable":true,"href":"https:\/\/msz.k-k.pl\/medyk\/wp-json\/wp\/v2\/users\/1"}],"replies":[{"embeddable":true,"href":"https:\/\/msz.k-k.pl\/medyk\/wp-json\/wp\/v2\/comments?post=2618"}],"version-history":[{"count":1,"href":"https:\/\/msz.k-k.pl\/medyk\/wp-json\/wp\/v2\/pages\/2618\/revisions"}],"predecessor-version":[{"id":5167,"href":"https:\/\/msz.k-k.pl\/medyk\/wp-json\/wp\/v2\/pages\/2618\/revisions\/5167"}],"wp:attachment":[{"href":"https:\/\/msz.k-k.pl\/medyk\/wp-json\/wp\/v2\/media?parent=2618"}],"curies":[{"name":"wp","href":"https:\/\/api.w.org\/{rel}","templated":true}]}}