{"id":2604,"date":"2015-12-29T13:11:33","date_gmt":"2015-12-29T12:11:33","guid":{"rendered":"http:\/\/www.kubala.tv\/projekty\/msz\/wordpress\/?page_id=2604"},"modified":"2015-12-29T13:11:33","modified_gmt":"2015-12-29T12:11:33","slug":"2604-2","status":"publish","type":"page","link":"https:\/\/msz.k-k.pl\/medyk\/2604-2\/","title":{"rendered":"Uczniowie"},"content":{"rendered":"<p>[vc_row][vc_column][vc_column_text]<strong><a href=\"https:\/\/msz.k-k.pl\/medyk\/?page_id=2609\">Plany zaj\u0119\u0107<\/a><\/strong><br \/>\n<strong><a href=\"https:\/\/msz.k-k.pl\/medyk\/?page_id=2612\">Samorz\u0105d Uczniowski i Rada S\u0142uchaczy<br \/>\n<\/a><a href=\"https:\/\/msz.k-k.pl\/medyk\/?page_id=2618\">Egzamin zawodowy<br \/>\n<\/a><a href=\"https:\/\/msz.k-k.pl\/medyk\/?page_id=2626\">Ubezpieczenie<\/a><\/strong>[\/vc_column_text][\/vc_column][\/vc_row]<\/p>\n","protected":false},"excerpt":{"rendered":"<p>[vc_row][vc_column][vc_column_text]Plany zaj\u0119\u0107 Samorz\u0105d Uczniowski i Rada S\u0142uchaczy Egzamin zawodowy Ubezpieczenie[\/vc_column_text][\/vc_column][\/vc_row]<\/p>\n","protected":false},"author":1,"featured_media":0,"parent":0,"menu_order":0,"comment_status":"closed","ping_status":"closed","template":"","meta":{"_acf_changed":false,"footnotes":""},"class_list":["post-2604","page","type-page","status-publish","hentry"],"acf":[],"_links":{"self":[{"href":"https:\/\/msz.k-k.pl\/medyk\/wp-json\/wp\/v2\/pages\/2604","targetHints":{"allow":["GET"]}}],"collection":[{"href":"https:\/\/msz.k-k.pl\/medyk\/wp-json\/wp\/v2\/pages"}],"about":[{"href":"https:\/\/msz.k-k.pl\/medyk\/wp-json\/wp\/v2\/types\/page"}],"author":[{"embeddable":true,"href":"https:\/\/msz.k-k.pl\/medyk\/wp-json\/wp\/v2\/users\/1"}],"replies":[{"embeddable":true,"href":"https:\/\/msz.k-k.pl\/medyk\/wp-json\/wp\/v2\/comments?post=2604"}],"version-history":[{"count":0,"href":"https:\/\/msz.k-k.pl\/medyk\/wp-json\/wp\/v2\/pages\/2604\/revisions"}],"wp:attachment":[{"href":"https:\/\/msz.k-k.pl\/medyk\/wp-json\/wp\/v2\/media?parent=2604"}],"curies":[{"name":"wp","href":"https:\/\/api.w.org\/{rel}","templated":true}]}}